{"id":335,"date":"2023-12-23T15:47:36","date_gmt":"2023-12-23T18:47:36","guid":{"rendered":"https:\/\/editoraviva.art.br\/blog\/?page_id=335"},"modified":"2025-01-11T16:28:07","modified_gmt":"2025-01-11T19:28:07","slug":"pizza-cook-tracker","status":"publish","type":"page","link":"https:\/\/editoraviva.art.br\/blog\/pizza-cook-tracker\/","title":{"rendered":"Food Cook Tracker"},"content":{"rendered":"\n\n\n<h1 [object NamedNodeMap]><span style=\"color: rgb(242, 242, 242);\">Voc\u00ea nunca viu uma gest\u00e3o <\/span><\/h1>\n\n\n<h1 [object NamedNodeMap]><span style=\"color: rgb(242, 242, 242);\">de pizzas artesanais como esta ferramenta digital.<\/span><\/h1>\n\n\n<p [object NamedNodeMap]><span style=\"color: rgb(242, 242, 242);\">Fazer pizzas artesanais \u00e9 um grande desafio. Da massa, receitas, ferramentas e utens\u00edlios, seus equipamentos, informa\u00e7\u00f5es e base de conhecimento. Tudo agora pode ficar a sua disposi\u00e7\u00e3o em um \u00fanico lugar..<\/span><\/p>\n\n\n\n\n\n\n\n\nFUNCIONALIDADES\n\n\n\n\n<h4><font color=\"#ffffff\"><span style=\"font-size: 14px; color: rgb(92, 0, 0);\">Farinhas selecionadas e controle das marcas, blend, resultados da fermenta\u00e7\u00e3o. Marcas utilizadas, tempos de fermenta\u00e7\u00e3o, controle de produ\u00e7\u00e3o de pizzas, hist\u00f3ria e tempos de fermenta\u00e7\u00e3o e matura\u00e7\u00e3o<\/span><\/font><\/h4>\n\n\n<h4><font color=\"#5c0000\"><span style=\"font-size: 14px;\">Invent\u00e1rio de seus equipamentos para fazer pizzas, registro e registre os utens\u00edlios de cozinha para controle e avalia\u00e7\u00e3o, documente tudo<\/span><\/font><\/h4>\n\n\n<h4><font color=\"#5c0000\"><span style=\"font-size: 14px;\">Gest\u00e3o de pedidos, an\u00e1lise de dados, estat\u00edsticas. Uma verdadeira caixa de ferramentas para fazer pizzas, term\u00f4metros, cron\u00f4metros, calculadoras de massa de pizza, calculadoras de pizzas para eventos, caixa de musicas playlist,\u00a0<\/span><\/font><\/h4>\n\n\n\n\n<h4><font color=\"#ffffff\"><span style=\"font-size: 14px; color: rgb(0, 0, 0);\">Controle a sua base de receitas, ingredientes, modo de fazer. Registre coberturas, receitas especiais de molhos, preparos de coberturas especiais. Desenvolva suas receitas autorais ,gourmet e desenvolva a culin\u00e1ria da pizza. Controle suas receitas e os ingredientes selecionados.<\/span><\/font><\/h4>\n\n\n<h4><font color=\"#000000\"><span style=\"font-size: 14px;\">Reunir em um lugar \u00fanico todas as refer\u00eancias de v\u00eddeos, cursos e materiais de informa\u00e7\u00e3o e conhecimento sobre pizza. Crie o seu invent\u00e1rio de informa\u00e7\u00f5es relevantes.<\/span><\/font><\/h4>\n\n\n\n\n<h4><font color=\"#000000\"><span style=\"font-size: 14px;\">Controle de calend\u00e1rios das agendas de receitas, valida\u00e7\u00e3o dos ingredientes, tempos de fermenta\u00e7\u00e3o e matura\u00e7\u00e3o.<\/span><\/font><\/h4>\n\n\n<h4><font color=\"#000000\"><span style=\"font-size: 14px;\">Cita\u00e7\u00f5es e curiosidades do universo da cultura pizzas s\u00e3o apresentadas de forma aleat\u00f3ria e randomizada para construir uma base de curiosidades para seus clientes e servi\u00e7os. Valorizar a cultura da pizza.<\/span><\/font><\/h4>\n\n\n\n\n\n\n\n\n\n\n","protected":false},"excerpt":{"rendered":"","protected":false},"author":2,"featured_media":0,"parent":0,"menu_order":0,"comment_status":"closed","ping_status":"closed","template":"","meta":{"_crdt_document":"","pagelayer_contact_templates":[],"_pagelayer_content":"","_uag_custom_page_level_css":"","_monsterinsights_skip_tracking":false,"_monsterinsights_sitenote_active":false,"_monsterinsights_sitenote_note":"","_monsterinsights_sitenote_category":0,"site-sidebar-layout":"default","site-content-layout":"","ast-site-content-layout":"default","site-content-style":"default","site-sidebar-style":"default","ast-global-header-display":"","ast-banner-title-visibility":"","ast-main-header-display":"","ast-hfb-above-header-display":"","ast-hfb-below-header-display":"","ast-hfb-mobile-header-display":"","site-post-title":"","ast-breadcrumbs-content":"","ast-featured-img":"","footer-sml-layout":"","ast-disable-related-posts":"","theme-transparent-header-meta":"","adv-header-id-meta":"","stick-header-meta":"","header-above-stick-meta":"","header-main-stick-meta":"","header-below-stick-meta":"","astra-migrate-meta-layouts":"set","ast-page-background-enabled":"default","ast-page-background-meta":{"desktop":{"background-color":"var(--ast-global-color-4)","background-image":"","background-repeat":"repeat","background-position":"center center","background-size":"auto","background-attachment":"scroll","background-type":"","background-media":"","overlay-type":"","overlay-color":"","overlay-opacity":"","overlay-gradient":""},"tablet":{"background-color":"","background-image":"","background-repeat":"repeat","background-position":"center center","background-size":"auto","background-attachment":"scroll","background-type":"","background-media":"","overlay-type":"","overlay-color":"","overlay-opacity":"","overlay-gradient":""},"mobile":{"background-color":"","background-image":"","background-repeat":"repeat","background-position":"center center","background-size":"auto","background-attachment":"scroll","background-type":"","background-media":"","overlay-type":"","overlay-color":"","overlay-opacity":"","overlay-gradient":""}},"ast-content-background-meta":{"desktop":{"background-color":"var(--ast-global-color-5)","background-image":"","background-repeat":"repeat","background-position":"center center","background-size":"auto","background-attachment":"scroll","background-type":"","background-media":"","overlay-type":"","overlay-color":"","overlay-opacity":"","overlay-gradient":""},"tablet":{"background-color":"var(--ast-global-color-5)","background-image":"","background-repeat":"repeat","background-position":"center center","background-size":"auto","background-attachment":"scroll","background-type":"","background-media":"","overlay-type":"","overlay-color":"","overlay-opacity":"","overlay-gradient":""},"mobile":{"background-color":"var(--ast-global-color-5)","background-image":"","background-repeat":"repeat","background-position":"center center","background-size":"auto","background-attachment":"scroll","background-type":"","background-media":"","overlay-type":"","overlay-color":"","overlay-opacity":"","overlay-gradient":""}},"footnotes":""},"class_list":["post-335","page","type-page","status-publish","hentry"],"featured_image_src":null,"aioseo_notices":[],"uagb_featured_image_src":{"full":false,"thumbnail":false,"medium":false,"medium_large":false,"large":false,"1536x1536":false,"2048x2048":false,"woocommerce_thumbnail":false,"woocommerce_single":false,"woocommerce_gallery_thumbnail":false},"uagb_author_info":{"display_name":"admin","author_link":"https:\/\/editoraviva.art.br\/blog\/author\/admin-2\/"},"uagb_comment_info":0,"uagb_excerpt":null,"jetpack_sharing_enabled":true,"post_mailing_queue_ids":[],"_links":{"self":[{"href":"https:\/\/editoraviva.art.br\/blog\/wp-json\/wp\/v2\/pages\/335","targetHints":{"allow":["GET"]}}],"collection":[{"href":"https:\/\/editoraviva.art.br\/blog\/wp-json\/wp\/v2\/pages"}],"about":[{"href":"https:\/\/editoraviva.art.br\/blog\/wp-json\/wp\/v2\/types\/page"}],"author":[{"embeddable":true,"href":"https:\/\/editoraviva.art.br\/blog\/wp-json\/wp\/v2\/users\/2"}],"replies":[{"embeddable":true,"href":"https:\/\/editoraviva.art.br\/blog\/wp-json\/wp\/v2\/comments?post=335"}],"version-history":[{"count":10,"href":"https:\/\/editoraviva.art.br\/blog\/wp-json\/wp\/v2\/pages\/335\/revisions"}],"predecessor-version":[{"id":1293,"href":"https:\/\/editoraviva.art.br\/blog\/wp-json\/wp\/v2\/pages\/335\/revisions\/1293"}],"wp:attachment":[{"href":"https:\/\/editoraviva.art.br\/blog\/wp-json\/wp\/v2\/media?parent=335"}],"curies":[{"name":"wp","href":"https:\/\/api.w.org\/{rel}","templated":true}]}}