{"id":473,"date":"2024-01-11T15:04:44","date_gmt":"2024-01-11T18:04:44","guid":{"rendered":"https:\/\/editoraviva.art.br\/blog\/?page_id=473"},"modified":"2024-05-03T02:05:10","modified_gmt":"2024-05-03T05:05:10","slug":"pizzafesta","status":"publish","type":"page","link":"https:\/\/editoraviva.art.br\/blog\/pizzafesta\/","title":{"rendered":"pizzafesta"},"content":{"rendered":"\n\n\n\n\n\n\n<h1>Fazemos a sua <\/h1>\n<h1>Festa da pizza<\/h1>\n<h4 style=\"text-align: center; \"><font color=\"#f2f2f2\">Se voc\u00ea decidiu realizar um evento de pizza, achou a equipe certa. <\/font><\/h4>\n<h4 style=\"text-align: center; \"><font color=\"#f2f2f2\">Casamentos, anivers\u00e1rios, confraterniza\u00e7\u00e3o empresa, ch\u00e1 de beb\u00e9, feiras, festas, comemora\u00e7\u00f5es, buffet, servi\u00e7os de rodizio de pizza, reuni\u00e3o de amigos e familia.&nbsp;<\/font><\/h4>\n<h4 style=\"text-align: center; \"><font color=\"#f2f2f2\">Sua pizza no seu evento.<\/font><\/h4>\n\n\n\n\n\n<h1>Nossos diferenciais<\/h1>\n\n\n<h6><br><\/h6><h6>Um pizzaiolo na sua festa<\/h6>\n<p>Assamos sua pizza em nossos fornos de alta temperatura durante o evento. O pr\u00f3prio forno \u00e9 um personagem dessa festa da pizza. Veja sua pizza ser assada, crescer no forno e virar um peda\u00e7o de sabor e aroma com v\u00e1rias op\u00e7\u00f5es.<\/p>\n\n\n<h2>Massas e op\u00e7\u00f5es de sabores variados<\/h2>\n<h6>Nossa pizza \u00e9 diferente<\/h6>\n<p>Longa fermenta\u00e7\u00e3o e farinha importada. Estilo napoletana. A melhor qualidade de pizza que voc\u00ea merece. Muitas op\u00e7\u00f5es de sabores salgadas e doces.<\/p>\n\n\n\n\n\n\n\n<h6><br><\/h6><h6>Todo mundo gosta de pizza<\/h6>\n<p>Todo mundo gosta de pizza e seu evento com pizza ser\u00e1 memor\u00e1vel com baixo custo e com sabor inesquec\u00edvel.<\/p><p>Voc\u00ea recebe uma consultoria de como organizar um evento de pizza perfeito. N\u00famero de pizzas, distribui\u00e7\u00e3o dos sabores, servi\u00e7o e rod\u00edzio de pizzas.<\/p>\n\n\n\n\n\n\n<h1>Quem somos<\/h1>\n<p>Somos um servi\u00e7o de franquia e neg\u00f3cio de pizza inovador que usa produtos org\u00e2nicos, saud\u00e1veis e tecnologia para servi\u00e7os relacionados com pizza em geral.&nbsp;<\/p>\n<p>A empresa foi fundada em 2023 pelo empreendedor Guilherme Camara, especialista em pizzas artesanais. Por isso, garantimos um alto n\u00edvel em nossos servi\u00e7os. Somos evangelizadores da pizza artesanal napoletana. Um jeito de ter um gostinho da It\u00e1lia no Brasil. Acreditamos em longa fermenta\u00e7\u00e3o, farinhas italianas importadas, assamento de pizzas em altas temperaturas.<\/p>\n<p>Nossa base de atua\u00e7\u00e3o \u00e9 Lagoa Santa e regi\u00e3o metropolitana de Belo Horizonte.&nbsp;<\/p>\n\n\n\n\n\n\n\n\n\n\n\n\n\n\n<span style=\"color:#ffffff;\">Parab\u00e9ns Guilherme. Foi muito bom! Adoramos as pizzas, uma intera\u00e7\u00e3o bacana e que tenhamos outros eventos do tipo<\/span>\n\n\n\n\n\n\n\n\n\n<h2>Como funciona<\/h2>\n\n\n\n\nOrganizamos o seu evento de pizza\n\n\nEscolha o n\u00famero de convidados que ir\u00e3o ao evento. Nossa calculadora de pizzas para eventos vai lhe dizer quantas pizzas salgados e doces voc\u00ea ir\u00e1 precisar.&nbsp;\nServiremos pizzas durante o evento sendo os discos de 18 e 30 cm todos assados durante o evento. Levamos o forno para assar as pizzas e mais utens\u00edlios para a esta\u00e7\u00e3o de assamento da pizza.\n\n\n<p><span style=\"font-family: -apple-system, BlinkMacSystemFont, &quot;Segoe UI&quot;, Roboto, Oxygen-Sans, Ubuntu, Cantarell, &quot;Helvetica Neue&quot;, sans-serif;\">Escolhas os sabores de cobertura em nosso card\u00e1pio, o n\u00famero de pizzas de 18 e 30 cm<\/span><br><\/p><p><span style=\"font-family: -apple-system, BlinkMacSystemFont, &quot;Segoe UI&quot;, Roboto, Oxygen-Sans, Ubuntu, Cantarell, &quot;Helvetica Neue&quot;, sans-serif;\">Veja nossa planilha exclusiva de sele\u00e7\u00e3o de sabores cl\u00e1ssicos, autorais e gourmet, voc\u00ea no controle do card\u00e1pio.<\/span><\/p>\n<p>Somos um servi\u00e7o de alta tecnologia com menu digital, promo\u00e7\u00f5es, localiza\u00e7\u00e3o dos servi\u00e7os, hor\u00e1rios de funcionamento, info sobre pizzas,&nbsp; clube de fidelidade (voc\u00ea ganha 1 pizza se pedir 10 para sempre). Tudo em nossos canais digitais, bem f\u00e1cil para voc\u00ea.<\/p><p>Nosso assistente digital de servi\u00e7os de alimenta\u00e7\u00e3o \u00e9 uma caixa de ferramenta para voc\u00ea fazer contato conosco e manter o seu relacionamento com nossas pizzas de forma duradoura.<\/p>\n\n\n<p><span style=\"font-family: -apple-system, BlinkMacSystemFont, &quot;Segoe UI&quot;, Roboto, Oxygen-Sans, Ubuntu, Cantarell, &quot;Helvetica Neue&quot;, sans-serif;\">Veja nossa proposta comercial e condi\u00e7\u00f5es da sua festa de pizza<\/span><br><\/p>\n\n\n\n\n","protected":false},"excerpt":{"rendered":"","protected":false},"author":2,"featured_media":0,"parent":0,"menu_order":0,"comment_status":"closed","ping_status":"closed","template":"","meta":{"_crdt_document":"","pagelayer_contact_templates":[],"_pagelayer_content":"","_uag_custom_page_level_css":"","_monsterinsights_skip_tracking":false,"_monsterinsights_sitenote_active":false,"_monsterinsights_sitenote_note":"","_monsterinsights_sitenote_category":0,"site-sidebar-layout":"default","site-content-layout":"","ast-site-content-layout":"default","site-content-style":"default","site-sidebar-style":"default","ast-global-header-display":"","ast-banner-title-visibility":"","ast-main-header-display":"","ast-hfb-above-header-display":"","ast-hfb-below-header-display":"","ast-hfb-mobile-header-display":"","site-post-title":"","ast-breadcrumbs-content":"","ast-featured-img":"","footer-sml-layout":"","ast-disable-related-posts":"","theme-transparent-header-meta":"","adv-header-id-meta":"","stick-header-meta":"","header-above-stick-meta":"","header-main-stick-meta":"","header-below-stick-meta":"","astra-migrate-meta-layouts":"set","ast-page-background-enabled":"default","ast-page-background-meta":{"desktop":{"background-color":"var(--ast-global-color-4)","background-image":"","background-repeat":"repeat","background-position":"center center","background-size":"auto","background-attachment":"scroll","background-type":"","background-media":"","overlay-type":"","overlay-color":"","overlay-opacity":"","overlay-gradient":""},"tablet":{"background-color":"","background-image":"","background-repeat":"repeat","background-position":"center center","background-size":"auto","background-attachment":"scroll","background-type":"","background-media":"","overlay-type":"","overlay-color":"","overlay-opacity":"","overlay-gradient":""},"mobile":{"background-color":"","background-image":"","background-repeat":"repeat","background-position":"center center","background-size":"auto","background-attachment":"scroll","background-type":"","background-media":"","overlay-type":"","overlay-color":"","overlay-opacity":"","overlay-gradient":""}},"ast-content-background-meta":{"desktop":{"background-color":"var(--ast-global-color-5)","background-image":"","background-repeat":"repeat","background-position":"center center","background-size":"auto","background-attachment":"scroll","background-type":"","background-media":"","overlay-type":"","overlay-color":"","overlay-opacity":"","overlay-gradient":""},"tablet":{"background-color":"var(--ast-global-color-5)","background-image":"","background-repeat":"repeat","background-position":"center center","background-size":"auto","background-attachment":"scroll","background-type":"","background-media":"","overlay-type":"","overlay-color":"","overlay-opacity":"","overlay-gradient":""},"mobile":{"background-color":"var(--ast-global-color-5)","background-image":"","background-repeat":"repeat","background-position":"center center","background-size":"auto","background-attachment":"scroll","background-type":"","background-media":"","overlay-type":"","overlay-color":"","overlay-opacity":"","overlay-gradient":""}},"footnotes":""},"class_list":["post-473","page","type-page","status-publish","hentry"],"featured_image_src":null,"aioseo_notices":[],"uagb_featured_image_src":{"full":false,"thumbnail":false,"medium":false,"medium_large":false,"large":false,"1536x1536":false,"2048x2048":false,"woocommerce_thumbnail":false,"woocommerce_single":false,"woocommerce_gallery_thumbnail":false},"uagb_author_info":{"display_name":"admin","author_link":"https:\/\/editoraviva.art.br\/blog\/author\/admin-2\/"},"uagb_comment_info":0,"uagb_excerpt":null,"jetpack_sharing_enabled":true,"post_mailing_queue_ids":[],"_links":{"self":[{"href":"https:\/\/editoraviva.art.br\/blog\/wp-json\/wp\/v2\/pages\/473","targetHints":{"allow":["GET"]}}],"collection":[{"href":"https:\/\/editoraviva.art.br\/blog\/wp-json\/wp\/v2\/pages"}],"about":[{"href":"https:\/\/editoraviva.art.br\/blog\/wp-json\/wp\/v2\/types\/page"}],"author":[{"embeddable":true,"href":"https:\/\/editoraviva.art.br\/blog\/wp-json\/wp\/v2\/users\/2"}],"replies":[{"embeddable":true,"href":"https:\/\/editoraviva.art.br\/blog\/wp-json\/wp\/v2\/comments?post=473"}],"version-history":[{"count":17,"href":"https:\/\/editoraviva.art.br\/blog\/wp-json\/wp\/v2\/pages\/473\/revisions"}],"predecessor-version":[{"id":586,"href":"https:\/\/editoraviva.art.br\/blog\/wp-json\/wp\/v2\/pages\/473\/revisions\/586"}],"wp:attachment":[{"href":"https:\/\/editoraviva.art.br\/blog\/wp-json\/wp\/v2\/media?parent=473"}],"curies":[{"name":"wp","href":"https:\/\/api.w.org\/{rel}","templated":true}]}}