{"id":538,"date":"2024-01-31T07:44:31","date_gmt":"2024-01-31T10:44:31","guid":{"rendered":"https:\/\/editoraviva.art.br\/blog\/?page_id=538"},"modified":"2024-01-31T09:25:28","modified_gmt":"2024-01-31T12:25:28","slug":"capivara","status":"publish","type":"page","link":"https:\/\/editoraviva.art.br\/blog\/capivara\/","title":{"rendered":"capivara"},"content":{"rendered":"\n\n\n\n\n\n\n\n\n\n\n<h1>Capivara<\/h1>\n<p style=\"text-align: center; \"><font color=\"#f2f2f2\">N\u00f3s inovamos em servi\u00e7os de alimenta\u00e7\u00e3o<\/font><\/p>\n<p style=\"text-align: center; color: rgb(255, 255, 255);\">Lagoa Santa, MG<\/p>\n<p style=\"color: rgb(255, 255, 255); line-height: 1.5; text-align: center;\">Uma aceleradora, incubadora em neg\u00f3cios de alimenta\u00e7\u00e3o<\/p>\n\n\n\n\n\n\n<p>Nossos servi\u00e7os<\/p>\n\n\n\n<p>Avaliamos neg\u00f3cios de alimenta\u00e7\u00e3o e organizamos seu marketing e estrat\u00e9gia para o produto e o mercado (fit product + fit market)<\/p>\n\n\n<p>Transformamos sua ideia em um neg\u00f3cio para servi\u00e7os de alimenta\u00e7\u00e3o. Pequenos neg\u00f3cios de alimenta\u00e7\u00e3o em munic\u00edpios para o empreendedorismo de alimentos, marcas e registros,<\/p>\n\n\n<p>Acesse um sistema de pares, investidores, terceiro, setor, mercado consumidor, governo e universidades que apoiam o desenvolvimento de novos neg\u00f3cios e o empreendedorismo em servi\u00e7os de alimenta\u00e7\u00e3o<\/p>\n\n\n<p>Queremos transformar ideias em neg\u00f3cios. Servi\u00e7os de alimenta\u00e7\u00e3o s\u00e3o o nosso foco em todas as suas formas bares, quiosques, restaurantes, delivery e muitos outros<\/p>\n\n\n<p>ideias, mvp, prot\u00f3tipos, texte de conceitos, servi\u00e7os e produtos para o setor de alimenta\u00e7\u00e3o, tra\u00e7\u00e3o e escala. Comece pequeno e cres\u00e7a em escala.<\/p>\n\n\n<p>Neg\u00f3cios, bussiness, tecnologia, marketing, design, tudo no mesmo pacote. Squad para desenvolver o seu neg\u00f3cio&nbsp;<\/p>\n\n\n<p>M\u00e9tricas, an\u00e1lise de dados, intelig\u00eancia artificial para desenvolvimento econ\u00f4mico em pequenos neg\u00f3cios para munic\u00edpios de qualquer tamanho.<\/p>\n\n\n<p>Dna de transforma\u00e7\u00e3o digital para os pequenos neg\u00f3cios de alimenta\u00e7\u00e3o escalar seus projetos e ideias, franquias<\/p>\n\n\n<p>Nossa comunidade ir\u00e1 ajudar voc\u00ea seja um ponto de venda, resid\u00eancia, eventos e feiras.&nbsp;<\/p>\n\n\n\n\n\n\n<h2>Escolha sua \u00e1rea em servi\u00e7os de alimenta\u00e7\u00e3o e venha conversar conosco.<\/h2>\n\n\n\n\n\n<h2>Grandes neg\u00f3cios de alimenta\u00e7\u00e3o para voc\u00ea conhecer<\/h2>\n\n\n\n\nFranquia e rede de servi\u00e7os de pizza artesanais.\n\n\nFogo &amp; Lenha \u00e9 um servi\u00e7o de culin\u00e1ria artesanal com aplica\u00e7\u00e3o do fogo com m\u00e9todo de cozimento, churrasco, parrilha, forno, pizza, pit smoker, churrasco americano, enfim, tudo que usa fogo e lenha para preparar pratos. Especializado em pizza artesanal.\n\n\n\n\n<h2>Atividades e eventos<\/h2>\n\n\n\n\n\n\n\n\n\n\n\n\n<h2>Essa incubadora faz parte do Ecossistema Lagoa Santa Vale de inova\u00e7\u00e3o<\/h2>\n\n\n\n","protected":false},"excerpt":{"rendered":"","protected":false},"author":2,"featured_media":0,"parent":0,"menu_order":0,"comment_status":"closed","ping_status":"closed","template":"","meta":{"_crdt_document":"","pagelayer_contact_templates":[],"_pagelayer_content":"","_uag_custom_page_level_css":"","_monsterinsights_skip_tracking":false,"_monsterinsights_sitenote_active":false,"_monsterinsights_sitenote_note":"","_monsterinsights_sitenote_category":0,"site-sidebar-layout":"default","site-content-layout":"","ast-site-content-layout":"default","site-content-style":"default","site-sidebar-style":"default","ast-global-header-display":"","ast-banner-title-visibility":"","ast-main-header-display":"","ast-hfb-above-header-display":"","ast-hfb-below-header-display":"","ast-hfb-mobile-header-display":"","site-post-title":"","ast-breadcrumbs-content":"","ast-featured-img":"","footer-sml-layout":"","ast-disable-related-posts":"","theme-transparent-header-meta":"","adv-header-id-meta":"","stick-header-meta":"","header-above-stick-meta":"","header-main-stick-meta":"","header-below-stick-meta":"","astra-migrate-meta-layouts":"set","ast-page-background-enabled":"default","ast-page-background-meta":{"desktop":{"background-color":"var(--ast-global-color-4)","background-image":"","background-repeat":"repeat","background-position":"center center","background-size":"auto","background-attachment":"scroll","background-type":"","background-media":"","overlay-type":"","overlay-color":"","overlay-opacity":"","overlay-gradient":""},"tablet":{"background-color":"","background-image":"","background-repeat":"repeat","background-position":"center center","background-size":"auto","background-attachment":"scroll","background-type":"","background-media":"","overlay-type":"","overlay-color":"","overlay-opacity":"","overlay-gradient":""},"mobile":{"background-color":"","background-image":"","background-repeat":"repeat","background-position":"center center","background-size":"auto","background-attachment":"scroll","background-type":"","background-media":"","overlay-type":"","overlay-color":"","overlay-opacity":"","overlay-gradient":""}},"ast-content-background-meta":{"desktop":{"background-color":"var(--ast-global-color-5)","background-image":"","background-repeat":"repeat","background-position":"center center","background-size":"auto","background-attachment":"scroll","background-type":"","background-media":"","overlay-type":"","overlay-color":"","overlay-opacity":"","overlay-gradient":""},"tablet":{"background-color":"var(--ast-global-color-5)","background-image":"","background-repeat":"repeat","background-position":"center center","background-size":"auto","background-attachment":"scroll","background-type":"","background-media":"","overlay-type":"","overlay-color":"","overlay-opacity":"","overlay-gradient":""},"mobile":{"background-color":"var(--ast-global-color-5)","background-image":"","background-repeat":"repeat","background-position":"center center","background-size":"auto","background-attachment":"scroll","background-type":"","background-media":"","overlay-type":"","overlay-color":"","overlay-opacity":"","overlay-gradient":""}},"footnotes":""},"class_list":["post-538","page","type-page","status-publish","hentry"],"featured_image_src":null,"aioseo_notices":[],"uagb_featured_image_src":{"full":false,"thumbnail":false,"medium":false,"medium_large":false,"large":false,"1536x1536":false,"2048x2048":false,"woocommerce_thumbnail":false,"woocommerce_single":false,"woocommerce_gallery_thumbnail":false},"uagb_author_info":{"display_name":"admin","author_link":"https:\/\/editoraviva.art.br\/blog\/author\/admin-2\/"},"uagb_comment_info":0,"uagb_excerpt":null,"jetpack_sharing_enabled":true,"post_mailing_queue_ids":[],"_links":{"self":[{"href":"https:\/\/editoraviva.art.br\/blog\/wp-json\/wp\/v2\/pages\/538","targetHints":{"allow":["GET"]}}],"collection":[{"href":"https:\/\/editoraviva.art.br\/blog\/wp-json\/wp\/v2\/pages"}],"about":[{"href":"https:\/\/editoraviva.art.br\/blog\/wp-json\/wp\/v2\/types\/page"}],"author":[{"embeddable":true,"href":"https:\/\/editoraviva.art.br\/blog\/wp-json\/wp\/v2\/users\/2"}],"replies":[{"embeddable":true,"href":"https:\/\/editoraviva.art.br\/blog\/wp-json\/wp\/v2\/comments?post=538"}],"version-history":[{"count":9,"href":"https:\/\/editoraviva.art.br\/blog\/wp-json\/wp\/v2\/pages\/538\/revisions"}],"predecessor-version":[{"id":559,"href":"https:\/\/editoraviva.art.br\/blog\/wp-json\/wp\/v2\/pages\/538\/revisions\/559"}],"wp:attachment":[{"href":"https:\/\/editoraviva.art.br\/blog\/wp-json\/wp\/v2\/media?parent=538"}],"curies":[{"name":"wp","href":"https:\/\/api.w.org\/{rel}","templated":true}]}}