{"id":563,"date":"2024-02-06T08:49:18","date_gmt":"2024-02-06T11:49:18","guid":{"rendered":"https:\/\/editoraviva.art.br\/blog\/?page_id=563"},"modified":"2024-02-06T11:08:30","modified_gmt":"2024-02-06T14:08:30","slug":"confrariapizza","status":"publish","type":"page","link":"https:\/\/editoraviva.art.br\/blog\/confrariapizza\/","title":{"rendered":"confrariapizza"},"content":{"rendered":"\n\n\n\n\n\n\n\n\n<h1> Confraria de pizza em BH<\/h1>\n\n\n\n<p [object NamedNodeMap]><font color=\"#f2f2f2\">\u00a0<\/font><span style=\"background-color: var(--ast-global-color-5); font-size: 1rem; color: rgb(77, 81, 86); font-family: &quot;Google Sans&quot;, arial, sans-serif;\">Em geral, considera-se confraria as\u00a0<\/span><span style=\"font-size: 1rem; background-color: rgb(211, 227, 253); color: rgb(4, 12, 40); font-family: &quot;Google Sans&quot;, arial, sans-serif;\">organiza\u00e7\u00f5es que re\u00fanem periodicamente pessoas de interesses comuns<\/span><span style=\"background-color: var(--ast-global-color-5); font-size: 1rem; color: rgb(77, 81, 86); font-family: &quot;Google Sans&quot;, arial, sans-serif;\">. Esse formato de encontro visa difundir conhecimento sobre um determinado assunto. Estudos apontam que as primeiras confrarias do mundo surgiram ainda na Idade M\u00e9dia e eram relacionadas a temas m\u00edsticos e religiosos.<\/span><\/p>\n\n\n\n\n\n\n\n\n\n\n\n<p>Porque participar da confraria de pizza de bh<\/p>\n\n\n\n\n\n\n\n<p>Conhecer quem ama pizza, hobby ou profissional e trocar ideias sobre a cultura da pizza.<\/p>\n\n\n\n\n\n<p>Voc\u00ea vai aprender fazer pizzas, manipular as massas, fazer fermenta\u00e7\u00e3o, fazer coberturas, entradas, harmoniza\u00e7\u00e3o com bebidas alco\u00f3licas e n\u00e3o alco\u00f3licas\u00a0<\/p>\n\n\n\n\n\n<p>Juntos somos mais fortes, grupo de compras de farinhas importadas, fornos a lenha , g\u00e1s ou energia, viagens de gastronomia<\/p>\n\n\n\n\n\n<p>Voc\u00ea gosta de fazer pizzas para fam\u00edlia e amigos nossa confraria \u00e9 para compartilhar o nosso amor pelas pizzas e tudo que elas proporcionam para amigos e fam\u00edlia. Fa\u00e7a pizzas melhores participando da confraria.l<\/p>\n\n\n\n\n\n<p>Voc\u00ea tem neg\u00f3cio de pizza, ent\u00e3o a confraria \u00e9 para voc\u00ea pelo networking de outros empreendedores de pizza, neg\u00f3cios, novidades, novos produtos, mercado da pizza na cidade, no estado, pais e internacional. Not\u00edcias, eventos, calend\u00e1rio, agenda, campeonatos de pizza pelo Brasil e mundo.<\/p>\n\n\n\n\n\n<p>Vamos visitar o pais e fora para conhecer a gastronomia e a pizza do Brasil e do mundo, turismo, gastronomia e viagem. Falou em festival gastron\u00f4mico, teremos pizza na programa\u00e7\u00e3o.<\/p>\n\n\n\n\n\n<p>Nosso ambiente e local de confraria permite assar suas pizzas, traga suas receitas, seus molhos, suas t\u00e9cnicas. Aprendemos com os outros mais que sozinhos. Todo mundo \u00e9 no fundo um &#8220;pizzaiolo&#8221;.<\/p>\n\n\n\n\n\n<p>Nossa comunidade de pizza representada pela nossa confraria. Fundado na capital de Minas Gerais, em BH. Nossa cidade no roteiro das melhores pizzas do mundo.<\/p>\n\n\n\n\n\n<p>Queremos evoluir de pizzas simples para as melhores pizzas, vamos participar de cursos, organizar turmas, trazer chef ou pizzaiolos renomados para capacita\u00e7\u00e3o dos membros da confraria. Queremos desenvolver o cap\u00edtulo mineiro da Associazone da Verace Pizza Napoletana\u00a0 (AVPN).<\/p>\n\n\n\n\n\n\n\n\n\n\n\n\n\n\n\n\n\n\n\n\n\n\n\n\n\n\n\n\n\n\n\n\n\n<h2>Apoiam a confraria<\/h2>\n\n\n\n\n\n\n\nPizza artesanal para eventos, festas, reuni\u00f5es, corporativo, fam\u00edlia, casamentos, anivers\u00e1rios\n\n\n\n\n\nFranquia e neg\u00f3cio de pizza m\u00f3vel. Franquia de unidades do pizza m\u00f3vel\n\n\n","protected":false},"excerpt":{"rendered":"","protected":false},"author":2,"featured_media":0,"parent":0,"menu_order":0,"comment_status":"closed","ping_status":"closed","template":"","meta":{"_crdt_document":"","pagelayer_contact_templates":[],"_pagelayer_content":"","_uag_custom_page_level_css":"","_monsterinsights_skip_tracking":false,"_monsterinsights_sitenote_active":false,"_monsterinsights_sitenote_note":"","_monsterinsights_sitenote_category":0,"site-sidebar-layout":"default","site-content-layout":"","ast-site-content-layout":"default","site-content-style":"default","site-sidebar-style":"default","ast-global-header-display":"","ast-banner-title-visibility":"","ast-main-header-display":"","ast-hfb-above-header-display":"","ast-hfb-below-header-display":"","ast-hfb-mobile-header-display":"","site-post-title":"","ast-breadcrumbs-content":"","ast-featured-img":"","footer-sml-layout":"","ast-disable-related-posts":"","theme-transparent-header-meta":"","adv-header-id-meta":"","stick-header-meta":"","header-above-stick-meta":"","header-main-stick-meta":"","header-below-stick-meta":"","astra-migrate-meta-layouts":"set","ast-page-background-enabled":"default","ast-page-background-meta":{"desktop":{"background-color":"var(--ast-global-color-4)","background-image":"","background-repeat":"repeat","background-position":"center center","background-size":"auto","background-attachment":"scroll","background-type":"","background-media":"","overlay-type":"","overlay-color":"","overlay-opacity":"","overlay-gradient":""},"tablet":{"background-color":"","background-image":"","background-repeat":"repeat","background-position":"center center","background-size":"auto","background-attachment":"scroll","background-type":"","background-media":"","overlay-type":"","overlay-color":"","overlay-opacity":"","overlay-gradient":""},"mobile":{"background-color":"","background-image":"","background-repeat":"repeat","background-position":"center center","background-size":"auto","background-attachment":"scroll","background-type":"","background-media":"","overlay-type":"","overlay-color":"","overlay-opacity":"","overlay-gradient":""}},"ast-content-background-meta":{"desktop":{"background-color":"var(--ast-global-color-5)","background-image":"","background-repeat":"repeat","background-position":"center center","background-size":"auto","background-attachment":"scroll","background-type":"","background-media":"","overlay-type":"","overlay-color":"","overlay-opacity":"","overlay-gradient":""},"tablet":{"background-color":"var(--ast-global-color-5)","background-image":"","background-repeat":"repeat","background-position":"center center","background-size":"auto","background-attachment":"scroll","background-type":"","background-media":"","overlay-type":"","overlay-color":"","overlay-opacity":"","overlay-gradient":""},"mobile":{"background-color":"var(--ast-global-color-5)","background-image":"","background-repeat":"repeat","background-position":"center center","background-size":"auto","background-attachment":"scroll","background-type":"","background-media":"","overlay-type":"","overlay-color":"","overlay-opacity":"","overlay-gradient":""}},"footnotes":""},"class_list":["post-563","page","type-page","status-publish","hentry"],"featured_image_src":null,"aioseo_notices":[],"uagb_featured_image_src":{"full":false,"thumbnail":false,"medium":false,"medium_large":false,"large":false,"1536x1536":false,"2048x2048":false,"woocommerce_thumbnail":false,"woocommerce_single":false,"woocommerce_gallery_thumbnail":false},"uagb_author_info":{"display_name":"admin","author_link":"https:\/\/editoraviva.art.br\/blog\/author\/admin-2\/"},"uagb_comment_info":0,"uagb_excerpt":null,"jetpack_sharing_enabled":true,"post_mailing_queue_ids":[],"_links":{"self":[{"href":"https:\/\/editoraviva.art.br\/blog\/wp-json\/wp\/v2\/pages\/563","targetHints":{"allow":["GET"]}}],"collection":[{"href":"https:\/\/editoraviva.art.br\/blog\/wp-json\/wp\/v2\/pages"}],"about":[{"href":"https:\/\/editoraviva.art.br\/blog\/wp-json\/wp\/v2\/types\/page"}],"author":[{"embeddable":true,"href":"https:\/\/editoraviva.art.br\/blog\/wp-json\/wp\/v2\/users\/2"}],"replies":[{"embeddable":true,"href":"https:\/\/editoraviva.art.br\/blog\/wp-json\/wp\/v2\/comments?post=563"}],"version-history":[{"count":5,"href":"https:\/\/editoraviva.art.br\/blog\/wp-json\/wp\/v2\/pages\/563\/revisions"}],"predecessor-version":[{"id":570,"href":"https:\/\/editoraviva.art.br\/blog\/wp-json\/wp\/v2\/pages\/563\/revisions\/570"}],"wp:attachment":[{"href":"https:\/\/editoraviva.art.br\/blog\/wp-json\/wp\/v2\/media?parent=563"}],"curies":[{"name":"wp","href":"https:\/\/api.w.org\/{rel}","templated":true}]}}